mon divisor of 168 and 339376488.
24
What is the highest common factor of 1275 and 894255?
15
Calculate the greatest common divisor of 22980 and 6760.
20
What is the greatest common divisor of 1109808 and 40824?
1512
Calculate the highest common factor of 3164263 and 341.
31
Calculate the greatest common divisor of 38984846 and 608.
38
What is the highest common factor of 818255 and 740?
185
What is the greatest common divisor of 612 and 378207?
9
Calculate the highest common divisor of 920133024 and 2941.
2941
Calculate the highest common divisor of 574 and 1347881150.
574
Calculate the greatest common factor of 171 and 102423927.
57
Calculate the highest common factor of 125 and 1974760.
5
Calculate the greatest common divisor of 743029 and 13783.
1253
What is the highest common factor of 21183 and 375429?
69
What is the greatest common divisor of 3677241 and 399?
57
What is the greatest common divisor of 12761592 and 10794?
1542
Calculate the greatest common factor of 21600 and 94635.
135
What is the greatest common factor of 3 and 2700759?
3
What is the highest common divisor of 3664778 and 13818?
94
What is the greatest common divisor of 257164863 and 345?
69
What is the greatest common divisor of 4084 and 951854817?
1021
What is the highest common divisor of 95 and 868520?
5
What is the greatest common divisor of 80746 and 2393174?
1718
Calculate the highest common divisor of 294625 and 28295785.
11785
Calculate the highest common divisor of 300 and 5875575.
75
Calculate the highest common factor of 32 and 403107984.
16
Calculate the greatest common divisor of 24485 and 3993130.
415
What is the highest common divisor of 16245 and 10718451?
3249
What is the greatest common divisor of 6658195 and 10?
5
Calculate the highest common factor of 290439 and 4332312.
837
Calculate the highest common divisor of 493354 and 17309.
19
What is the greatest common divisor of 4964941 and 88521?
1553
Calculate the greatest common divisor of 404 and 100669124.
404
Calculate the greatest common factor of 7098649 and 261.
29
Calculate the highest common factor of 22965040 and 56.
56
What is the highest common divisor of 4750 and 229330?
190
What is the greatest common divisor of 26594387 and 1454?
727
What is the greatest common divisor of 63 and 180242475?
21
What is the greatest common divisor of 3552 and 241013264?
592
What is the highest common divisor of 21 and 1461540?
3
Calculate the highest common divisor of 66960 and 503640.
360
Calculate the greatest common factor of 47980 and 64022113.
2399
What is the greatest common divisor of 594888130 and 718?
718
Calculate the greatest common divisor of 13946744 and 20867.
1897
Calculate the greatest common factor of 28 and 1952412.
28
Calculate the greatest common factor of 120204431 and 114.
19
What is the highest common factor of 1269231 and 45?
3
Calculate the greatest common factor of 1279760 and 390515.
4705
What is the highest common divisor of 1716424 and 19024?
328
What is the highest common factor of 109 and 7888112?
109
Calculate the greatest common factor of 54064913 and 17.
17
What is the greatest common factor of 14680 and 81920?
40
Calculate the highest common divisor of 26125 and 21725.
275
Calculate the highest common factor of 882 and 430224606.
882
What is the highest common factor of 132873 and 10959?
39
What is the greatest common divisor of 1892 and 296604?
44
What is the highest common factor of 15208 and 57752?
8
What is the greatest common factor of 87 and 3443568?
3
What is the greatest common divisor of 64778376 and 5070?
1014
What is the highest common divisor of 37111858 and 28?
14
Calculate the highest common factor of 1896752063 and 23.
23
What is the greatest common divisor of 1152 and 42312224?
32
What is the highest common factor of 21 and 647892?
21
What is the greatest common factor of 1285820359 and 92?
23
What is the greatest common divisor of 290 and 21433987?
29
Calculate the greatest common divisor of 626 and 45472327.
313
Calculate the highest common divisor of 84505318 and 62.
62
What is the greatest common factor of 68 and 369066464?
68
Calculate the greatest common factor of 13910 and 4134338.
26
What is the greatest common factor of 7687701 and 63?
63
What is the greatest common divisor of 92 and 30259766?
46
Calculate the highest common factor of 3779655 and 561.
33
Calculate the highest common factor of 32844201 and 39.
39
Calculate the greatest common factor of 109 and 8464940.
109
Calculate the greatest common factor of 32046 and 30.
6
Calculate the greatest common factor of 42 and 19033218.
6
Calculate the greatest common divisor of 65616 and 26592.
48
What is the greatest common divisor of 90270 and 2429725?
85
What is the highest common divisor of 3562 and 9587534?
274
What is the highest common factor of 3306225 and 366600?
975
What is the highest common factor of 16882 and 96320251?
8441
Calculate the greatest common divisor of 6214869 and 9.
9
Calculate the greatest common divisor of 10228842 and 93.
3
Calculate the greatest common factor of 1963782 and 103806.
1422
What is the greatest common divisor of 30586060 and 1280?
20
What is the highest common divisor of 4692914 and 12357?
1373
Calculate the highest common factor of 2037028 and 5684.
196
What is the highest common factor of 2623171 and 1649?
97
Calculate the highest common divisor of 8635 and 644485.
785
What is the highest common divisor of 26144 and 942818?
1634
Calculate the greatest common divisor of 114 and 240357087.
57
What is the greatest common divisor of 1316 and 4474512?
28
What is the greatest common divisor of 11454 and 17379702?
498
Calculate the highest common factor of 10704 and 2448816.
48
What is the greatest common factor of 174 and 93120914?
58
What is the greatest common divisor of 2988 and 85428?
36
Calculate the highest common factor of 519715356 and 60.
12
What is the greatest common factor of 33536 and 10716928?
256
Calculate the greatest common divisor of 188577473 and 7.
7
What is the greatest common divisor of 184408 and 75116?
356
What is the highest common divisor of 13 and 81304990?
13
What is the greatest common factor of 12307340 and 60?
20
Calculate the greatest common divisor of 523072 and 1799546.
1486
Calculate the highest common factor of 170090 and 2350970.
2330
What is the greatest common divisor of 3234 and 281626961?
539
Calculate the greatest common factor of 88976 and 5339888.
1328
Calculate the highest common factor of 1014 and 20150546.
338
Calculate the highest common divisor of 100940998 and 24970.
454
What is the greatest common divisor of 101138845 and 15?
5
What is the greatest common factor of 467260482 and 13?
13
What is the greatest common factor of 97855 and 32355?
5
Calculate the greatest common divisor of 17735991 and 4557.
147
What is the greatest common factor of 6806842 and 434?
14
What is the greatest common divisor of 15048 and 144199?
11
Calculate the greatest common factor of 23671945 and 506.
253
Calculate the greatest common divisor of 1 and 26085079.
1
What is the greatest common factor of 17336360 and 9272?
152
What is the greatest common factor of 1395940 and 890?
10
What is the highest common divisor of 4520 and 245570?
10
What is the greatest common divisor of 65024 and 56832?
512
What is the highest common divisor of 22650 and 1038578?
302
What is the greatest common factor of 2085813 and 329?
47
Calculate the greatest common divisor of 306 and 8101818.
18
Calculate the greatest common factor of 404469603 and 118.
59
What is the highest common factor of 409498 and 460?
2
Calculate the highest common factor of 1251615 and 5934990.
2715
Calculate the greatest common factor of 4235 and 264622281.
847
What is the highest common divisor of 4512 and 62124224?
1504
What is the greatest common divisor of 558 and 17702178?
186
What is the highest common factor of 1793 and 17795569?
11
What is the greatest common divisor of 287406 and 1302?
42
Calculate the highest common divisor of 6730 and 14958098.
1346
What is the highest common divisor of 147344226 and 6530?
1306
Calculate the greatest common factor of 1896458 and 228182.
542
Calculate the greatest common divisor of 18546627 and 22.
11
What is the greatest common divisor of